{"id":26,"date":"2025-02-15T18:22:33","date_gmt":"2025-02-15T17:22:33","guid":{"rendered":"https:\/\/www.equy-cany.com\/?page_id=26"},"modified":"2025-02-17T21:43:18","modified_gmt":"2025-02-17T20:43:18","slug":"qui-suis-je","status":"publish","type":"page","link":"https:\/\/www.equy-cany.com\/index.php\/qui-suis-je\/","title":{"rendered":"Qui suis-je ?"},"content":{"rendered":"\n<div class=\"wp-block-media-text is-stacked-on-mobile\"><figure class=\"wp-block-media-text__media\"><img loading=\"lazy\" decoding=\"async\" width=\"683\" height=\"1024\" src=\"http:\/\/www.equy-cany.com\/wp-content\/uploads\/2025\/02\/IMG_3386-1-683x1024.jpg\" alt=\"\" class=\"wp-image-67 size-full\" srcset=\"https:\/\/www.equy-cany.com\/wp-content\/uploads\/2025\/02\/IMG_3386-1-683x1024.jpg 683w, https:\/\/www.equy-cany.com\/wp-content\/uploads\/2025\/02\/IMG_3386-1-200x300.jpg 200w, https:\/\/www.equy-cany.com\/wp-content\/uploads\/2025\/02\/IMG_3386-1-768x1152.jpg 768w, https:\/\/www.equy-cany.com\/wp-content\/uploads\/2025\/02\/IMG_3386-1-1024x1536.jpg 1024w, https:\/\/www.equy-cany.com\/wp-content\/uploads\/2025\/02\/IMG_3386-1-1365x2048.jpg 1365w, https:\/\/www.equy-cany.com\/wp-content\/uploads\/2025\/02\/IMG_3386-1-scaled.jpg 1707w\" sizes=\"auto, (max-width: 683px) 100vw, 683px\" \/><\/figure><div class=\"wp-block-media-text__content\">\n<p>Moi c&rsquo;est Tara, passionn\u00e9e d&rsquo;animaux et de bien-\u00eatre animal depuis toujours !<br><br>J&rsquo;ai commenc\u00e9 \u00e0 monter t\u00f4t en centre \u00e9questre, une jeune fille fan des chevaux c&rsquo;\u00e9tait comme un r\u00eave. <br>Les ann\u00e9es passant, ma vision de l&rsquo;\u00e9quitation a commenc\u00e9 \u00e0 changer, \u00e0 \u00e9voluer&#8230; me posant mille et une question j&rsquo;ai commenc\u00e9 \u00e0 r\u00e9fl\u00e9chir \u00e0 leur comportement, pourquoi agissent-ils de cette mani\u00e8re l\u00e0 et pas d&rsquo;une autre ?<br><br>Apr\u00e8s une mauvaise chute, j&rsquo;ai perdu confiance en moi, et j&rsquo;ai d\u00e9velopp\u00e9 une appr\u00e9hension. C&rsquo;est alors que j&rsquo;ai d\u00e9couvert un \u00e9levage o\u00f9 j&rsquo;ai pass\u00e9 des longues ann\u00e9es en temps que b\u00e9n\u00e9vole. Cette exp\u00e9rience a \u00e9t\u00e9 une v\u00e9ritable remise en question.<br>J&rsquo;ai \u00e9norm\u00e9ment appris l\u00e0-bas, souvent par erreur, mais surtout, j&rsquo;ai retrouv\u00e9 confiance en moi et d\u00e9velopp\u00e9 une approche plus respectueuse des chevaux.<br><br>L&rsquo;\u00e9l\u00e9ment d\u00e9clencheur a \u00e9t\u00e9 Gallyna, ma merveilleuse jument, offerte par mes parents pour mes 20 ans. C&rsquo;est avec elle que j&rsquo;ai tout appris : je l&rsquo;ai d\u00e9bourr\u00e9e moi m\u00eame, et nous avons explor\u00e9 ensemble le saut, le dressage, le cross, la randonn\u00e9e, le travail \u00e0 pied&#8230; <br>Elle m&rsquo;a pouss\u00e9 \u00e0 toujours chercher ce qu&rsquo;il y a de mieux pour le bien-\u00eatre mental et physique des chevaux. C&rsquo;est gr\u00e2ce \u00e0 elle que j&rsquo;ai d\u00e9cid\u00e9 de me former en comportement \u00e9quin. <br><\/p>\n<\/div><\/div>\n\n\n\n<div class=\"wp-block-media-text is-stacked-on-mobile\"><figure class=\"wp-block-media-text__media\"><img loading=\"lazy\" decoding=\"async\" width=\"897\" height=\"1024\" src=\"http:\/\/www.equy-cany.com\/wp-content\/uploads\/2025\/02\/IMG_7396-897x1024.jpg\" alt=\"\" class=\"wp-image-7 size-full\" srcset=\"https:\/\/www.equy-cany.com\/wp-content\/uploads\/2025\/02\/IMG_7396-897x1024.jpg 897w, https:\/\/www.equy-cany.com\/wp-content\/uploads\/2025\/02\/IMG_7396-263x300.jpg 263w, https:\/\/www.equy-cany.com\/wp-content\/uploads\/2025\/02\/IMG_7396-768x876.jpg 768w, https:\/\/www.equy-cany.com\/wp-content\/uploads\/2025\/02\/IMG_7396-1346x1536.jpg 1346w, https:\/\/www.equy-cany.com\/wp-content\/uploads\/2025\/02\/IMG_7396.jpg 1750w\" sizes=\"auto, (max-width: 897px) 100vw, 897px\" \/><\/figure><div class=\"wp-block-media-text__content\">\n<p>Mais ma passion ne s&rsquo;arr\u00eate pas aux chevaux. J&rsquo;ai \u00e9galement adopt\u00e9 Luiggy et Cookie, deux chiens issus de refuge, chacun avec son histoire.<br><br><strong>Luiggy<\/strong>, un crois\u00e9 griffon &#8211; labrador, a \u00e9t\u00e9 abandonn\u00e9 apr\u00e8s avoir pinc\u00e9 un enfant dans son ancienne famille. Quand je l&rsquo;ai rencontr\u00e9 au refuge, ce fut un v\u00e9ritable coup de foudre.<br>Depuis nous avons partag\u00e9 de nombreuses aventures et il m&rsquo;a beaucoup appris.<br><br><strong>Cookie<\/strong>, un crois\u00e9 berger hollandais &#8211; malinois &#8211; braque &#8211; boxer, a eu un pass\u00e9 difficile : maltraitance, errance, refuge, adoption rat\u00e9e. <br>R\u00e9actif envers les humains et ses cong\u00e9n\u00e8res, il a besoin d&rsquo;un travail quotidien pour g\u00e9rer ses \u00e9motions. Mais derri\u00e8re cette r\u00e9activit\u00e9, se cache un chien intelligent et affectueux.<br><br>Pour eux, j&rsquo;ai voulu aller plus loin et me former \u00e9galement au comportement canin, afin d&rsquo;aider d&rsquo;autres chiens et leurs propri\u00e9taires \u00e0 mieux se comprendre.<\/p>\n<\/div><\/div>\n\n\n\n<div class=\"wp-block-media-text is-stacked-on-mobile\"><figure class=\"wp-block-media-text__media\"><img loading=\"lazy\" decoding=\"async\" width=\"504\" height=\"426\" src=\"http:\/\/www.equy-cany.com\/wp-content\/uploads\/2025\/02\/logo.jpg\" alt=\"\" class=\"wp-image-33 size-full\" srcset=\"https:\/\/www.equy-cany.com\/wp-content\/uploads\/2025\/02\/logo.jpg 504w, https:\/\/www.equy-cany.com\/wp-content\/uploads\/2025\/02\/logo-300x254.jpg 300w\" sizes=\"auto, (max-width: 504px) 100vw, 504px\" \/><\/figure><div class=\"wp-block-media-text__content\">\n<p>Equy-Cany : une approche bienveillante pour toi et ton animal !<br><br>Lorsque j&rsquo;ai cr\u00e9\u00e9 mon activit\u00e9, il \u00e9tait \u00e9vident que toi et ton animal seriez au coeur de ma d\u00e9marche. <br>Equy-Cany est un hommage \u00e0 tous les animaux qui m&rsquo;ont accompagn\u00e9, portant chacun symboliquement la lettre y dans leur nom. Mais c&rsquo;est avant tout une aventure bas\u00e9e sur le bien-\u00eatre, l&rsquo;\u00e9coute et la compr\u00e9hension.<br><br>Que ce soit pour surmonter des difficult\u00e9s ou simplement am\u00e9liorer ta relation avec ton cheval ou ton chien, je suis l\u00e0 pour t&rsquo;accompagner avec bienveillance avec respect.<\/p>\n<\/div><\/div>\n\n\n\n<p class=\"has-contrast-light-background-color has-background\"><strong>Envie d&rsquo;en savoir plus ? <a href=\"https:\/\/www.equy-cany.com\/index.php\/contactez-moi\/\" data-type=\"page\" data-id=\"30\">Contacte-moi<\/a>, et avan\u00e7ons ensemble vers une relation plus harmonieuse avec ton animal !<\/strong><\/p>\n\n\n\n<p><\/p>\n","protected":false},"excerpt":{"rendered":"<p>Moi c&rsquo;est Tara, passionn\u00e9e d&rsquo;animaux et de bien-\u00eatre animal depuis toujours ! J&rsquo;ai commenc\u00e9 \u00e0 monter t\u00f4t en centre \u00e9questre, une jeune fille fan des chevaux c&rsquo;\u00e9tait comme un r\u00eave. Les ann\u00e9es passant, ma vision de l&rsquo;\u00e9quitation a commenc\u00e9 \u00e0 changer, \u00e0 \u00e9voluer&#8230; me posant mille et une question j&rsquo;ai commenc\u00e9 \u00e0 r\u00e9fl\u00e9chir \u00e0 leur [&hellip;]<\/p>\n","protected":false},"author":1,"featured_media":0,"parent":0,"menu_order":0,"comment_status":"closed","ping_status":"closed","template":"","meta":{"footnotes":""},"class_list":["post-26","page","type-page","status-publish","hentry"],"_links":{"self":[{"href":"https:\/\/www.equy-cany.com\/index.php\/wp-json\/wp\/v2\/pages\/26","targetHints":{"allow":["GET"]}}],"collection":[{"href":"https:\/\/www.equy-cany.com\/index.php\/wp-json\/wp\/v2\/pages"}],"about":[{"href":"https:\/\/www.equy-cany.com\/index.php\/wp-json\/wp\/v2\/types\/page"}],"author":[{"embeddable":true,"href":"https:\/\/www.equy-cany.com\/index.php\/wp-json\/wp\/v2\/users\/1"}],"replies":[{"embeddable":true,"href":"https:\/\/www.equy-cany.com\/index.php\/wp-json\/wp\/v2\/comments?post=26"}],"version-history":[{"count":10,"href":"https:\/\/www.equy-cany.com\/index.php\/wp-json\/wp\/v2\/pages\/26\/revisions"}],"predecessor-version":[{"id":124,"href":"https:\/\/www.equy-cany.com\/index.php\/wp-json\/wp\/v2\/pages\/26\/revisions\/124"}],"wp:attachment":[{"href":"https:\/\/www.equy-cany.com\/index.php\/wp-json\/wp\/v2\/media?parent=26"}],"curies":[{"name":"wp","href":"https:\/\/api.w.org\/{rel}","templated":true}]}}

<div class="wp-block-media-text is-stacked-on-mobile"><figure class="wp-block-media-text__media"><img loading="lazy" decoding="async" width="683" height="1024" src="http://www.equy-cany.com/wp-content/uploads/2025/02/IMG_3386-1-683x1024.jpg" alt="" class="wp-image-67 size-full" srcset="https://www.equy-cany.com/wp-content/uploads/2025/02/IMG_3386-1-683x1024.jpg 683w, https://www.equy-cany.com/wp-content/uploads/2025/02/IMG_3386-1-200x300.jpg 200w, https://www.equy-cany.com/wp-content/uploads/2025/02/IMG_3386-1-768x1152.jpg 768w, https://www.equy-cany.com/wp-content/uploads/2025/02/IMG_3386-1-1024x1536.jpg 1024w, https://www.equy-cany.com/wp-content/uploads/2025/02/IMG_3386-1-1365x2048.jpg 1365w, https://www.equy-cany.com/wp-content/uploads/2025/02/IMG_3386-1-scaled.jpg 1707w" sizes="auto, (max-width: 683px) 100vw, 683px" /></figure><div class="wp-block-media-text__content">
<p>Moi c&rsquo;est Tara, passionnée d&rsquo;animaux et de bien-être animal depuis toujours !<br><br>J&rsquo;ai commencé à monter tôt en centre équestre, une jeune fille fan des chevaux c&rsquo;était comme un rêve. <br>Les années passant, ma vision de l&rsquo;équitation a commencé à changer, à évoluer&#8230; me posant mille et une question j&rsquo;ai commencé à réfléchir à leur comportement, pourquoi agissent-ils de cette manière là et pas d&rsquo;une autre ?<br><br>Après une mauvaise chute, j&rsquo;ai perdu confiance en moi, et j&rsquo;ai développé une appréhension. C&rsquo;est alors que j&rsquo;ai découvert un élevage où j&rsquo;ai passé des longues années en temps que bénévole. Cette expérience a été une véritable remise en question.<br>J&rsquo;ai énormément appris là-bas, souvent par erreur, mais surtout, j&rsquo;ai retrouvé confiance en moi et développé une approche plus respectueuse des chevaux.<br><br>L&rsquo;élément déclencheur a été Gallyna, ma merveilleuse jument, offerte par mes parents pour mes 20 ans. C&rsquo;est avec elle que j&rsquo;ai tout appris : je l&rsquo;ai débourrée moi même, et nous avons exploré ensemble le saut, le dressage, le cross, la randonnée, le travail à pied&#8230; <br>Elle m&rsquo;a poussé à toujours chercher ce qu&rsquo;il y a de mieux pour le bien-être mental et physique des chevaux. C&rsquo;est grâce à elle que j&rsquo;ai décidé de me former en comportement équin. <br></p>
</div></div>



<div class="wp-block-media-text is-stacked-on-mobile"><figure class="wp-block-media-text__media"><img loading="lazy" decoding="async" width="897" height="1024" src="http://www.equy-cany.com/wp-content/uploads/2025/02/IMG_7396-897x1024.jpg" alt="" class="wp-image-7 size-full" srcset="https://www.equy-cany.com/wp-content/uploads/2025/02/IMG_7396-897x1024.jpg 897w, https://www.equy-cany.com/wp-content/uploads/2025/02/IMG_7396-263x300.jpg 263w, https://www.equy-cany.com/wp-content/uploads/2025/02/IMG_7396-768x876.jpg 768w, https://www.equy-cany.com/wp-content/uploads/2025/02/IMG_7396-1346x1536.jpg 1346w, https://www.equy-cany.com/wp-content/uploads/2025/02/IMG_7396.jpg 1750w" sizes="auto, (max-width: 897px) 100vw, 897px" /></figure><div class="wp-block-media-text__content">
<p>Mais ma passion ne s&rsquo;arrête pas aux chevaux. J&rsquo;ai également adopté Luiggy et Cookie, deux chiens issus de refuge, chacun avec son histoire.<br><br><strong>Luiggy</strong>, un croisé griffon &#8211; labrador, a été abandonné après avoir pincé un enfant dans son ancienne famille. Quand je l&rsquo;ai rencontré au refuge, ce fut un véritable coup de foudre.<br>Depuis nous avons partagé de nombreuses aventures et il m&rsquo;a beaucoup appris.<br><br><strong>Cookie</strong>, un croisé berger hollandais &#8211; malinois &#8211; braque &#8211; boxer, a eu un passé difficile : maltraitance, errance, refuge, adoption ratée. <br>Réactif envers les humains et ses congénères, il a besoin d&rsquo;un travail quotidien pour gérer ses émotions. Mais derrière cette réactivité, se cache un chien intelligent et affectueux.<br><br>Pour eux, j&rsquo;ai voulu aller plus loin et me former également au comportement canin, afin d&rsquo;aider d&rsquo;autres chiens et leurs propriétaires à mieux se comprendre.</p>
</div></div>



<div class="wp-block-media-text is-stacked-on-mobile"><figure class="wp-block-media-text__media"><img loading="lazy" decoding="async" width="504" height="426" src="http://www.equy-cany.com/wp-content/uploads/2025/02/logo.jpg" alt="" class="wp-image-33 size-full" srcset="https://www.equy-cany.com/wp-content/uploads/2025/02/logo.jpg 504w, https://www.equy-cany.com/wp-content/uploads/2025/02/logo-300x254.jpg 300w" sizes="auto, (max-width: 504px) 100vw, 504px" /></figure><div class="wp-block-media-text__content">
<p>Equy-Cany : une approche bienveillante pour toi et ton animal !<br><br>Lorsque j&rsquo;ai créé mon activité, il était évident que toi et ton animal seriez au coeur de ma démarche. <br>Equy-Cany est un hommage à tous les animaux qui m&rsquo;ont accompagné, portant chacun symboliquement la lettre y dans leur nom. Mais c&rsquo;est avant tout une aventure basée sur le bien-être, l&rsquo;écoute et la compréhension.<br><br>Que ce soit pour surmonter des difficultés ou simplement améliorer ta relation avec ton cheval ou ton chien, je suis là pour t&rsquo;accompagner avec bienveillance avec respect.</p>
</div></div>



<p class="has-contrast-light-background-color has-background"><strong>Envie d&rsquo;en savoir plus ? <a href="https://www.equy-cany.com/index.php/contactez-moi/" data-type="page" data-id="30">Contacte-moi</a>, et avançons ensemble vers une relation plus harmonieuse avec ton animal !</strong></p>



<p></p>

<p>Moi c&rsquo;est Tara, passionnée d&rsquo;animaux et de bien-être animal depuis toujours ! J&rsquo;ai commencé à monter tôt en centre équestre, une jeune fille fan des chevaux c&rsquo;était comme un rêve. Les années passant, ma vision de l&rsquo;équitation a commencé à changer, à évoluer&#8230; me posant mille et une question j&rsquo;ai commencé à réfléchir à leur [&hellip;]</p>
