{"id":3,"date":"2025-01-25T10:57:32","date_gmt":"2025-01-25T09:57:32","guid":{"rendered":"http:\/\/www.equy-cany.com\/?page_id=3"},"modified":"2025-02-17T21:04:36","modified_gmt":"2025-02-17T20:04:36","slug":"politique-de-confidentialite","status":"publish","type":"page","link":"https:\/\/www.equy-cany.com\/index.php\/politique-de-confidentialite\/","title":{"rendered":"Mentions l\u00e9gales"},"content":{"rendered":"\n<h2 class=\"wp-block-heading\"><strong>1. \u00c9diteur du site<\/strong> <\/h2>\n\n\n\n<p>Le site <strong>equy-cany.com<\/strong> est \u00e9dit\u00e9 par :<br>Nom de l\u2019entreprise \/ Nom du particulier : Equy-Cany &#8211; Tara Leroux<br>Si\u00e8ge social : Pont Ar Zall 29400 Lampaul-Guimiliau &#8211; France<br>Num\u00e9ro SIRET : 938099108 00012<br>Directeur de la publication du site : Tara Leroux<br>Contact : equy.cany@gmail.com<\/p>\n\n\n\n<h2 class=\"wp-block-heading\"><strong>2. H\u00e9bergement du site<\/strong> <\/h2>\n\n\n\n<p>Le site <strong>equy-cany.com<\/strong> est h\u00e9berg\u00e9 par :<br>Nom de l\u2019h\u00e9bergeur : OVH <br>Adresse : 2 rue Kellermann &#8211; 59100 Roubaix &#8211; France<\/p>\n\n\n\n<h2 class=\"wp-block-heading\"><strong>3. Loi informatique et libert\u00e9<\/strong> et Protection des donn\u00e9es personnelles<\/h2>\n\n\n\n<p>Conform\u00e9ment \u00e0 l\u2019article 34 de la loi du 6 janvier 1978 relative \u00e0 l&rsquo;informatique, aux fichiers et aux libert\u00e9s, et au R\u00e8glement G\u00e9n\u00e9ral sur la Protection des Donn\u00e9es (RGPD), nous vous informons que vous disposez d&rsquo;un droit d&rsquo;acc\u00e8s, de modification, de rectification et de suppression des donn\u00e9es qui vous concernent. Vous pouvez exercer ce droit en nous contactant \u00e0 : <a>equy.cany@gmail.com<\/a>. Les informations collect\u00e9es sur ce site sont exclusivement destin\u00e9es \u00e0 un usage interne et ne seront en aucun cas c\u00e9d\u00e9es ou vendues \u00e0 des tiers.<\/p>\n\n\n\n<h2 class=\"wp-block-heading\"><strong>4. Responsabilit\u00e9<\/strong> <\/h2>\n\n\n\n<p>L\u2019\u00e9diteur du site s\u2019efforce d\u2019assurer l\u2019exactitude et la mise \u00e0 jour des informations publi\u00e9es sur le site. Cependant, il ne peut \u00eatre tenu responsable des erreurs ou omissions. L\u2019acc\u00e8s au site peut \u00eatre suspendu \u00e0 tout moment pour maintenance ou autre raison sans pr\u00e9avis.<\/p>\n\n\n\n<h2 class=\"wp-block-heading\"><strong>5. Droit d&rsquo;auteur<\/strong> <\/h2>\n\n\n\n<p>Ce site est destin\u00e9 \u00e0 l&rsquo;information et \u00e0 la pr\u00e9sentation du m\u00e9tier de comportementaliste, ainsi que des prestations de l&rsquo;entreprise Equy-Cany. Tous les \u00e9l\u00e9ments pr\u00e9sents sur le site (textes, images, logos, vid\u00e9os) sont prot\u00e9g\u00e9s par le droit de la propri\u00e9t\u00e9 intellectuelle et sont la propri\u00e9t\u00e9 exclusive de l\u2019\u00e9diteur. Toute reproduction, m\u00eame partielle, est interdite sans autorisation pr\u00e9alable.<br>La photo de couverture est la propri\u00e9t\u00e9 de <a href=\"https:\/\/www.gillianecaradec.fr\/\">JJ&rsquo;immortalise &#8211; Gilliane Caradec<\/a>. <br><\/p>\n\n\n\n<h2 class=\"wp-block-heading\"><strong>6. <\/strong>M\u00e9diation \u00e0 la consommation  <\/h2>\n\n\n\n<p>En cas de litige entre le Client et l\u2019entreprise, ceux-ci s\u2019efforceront de le r\u00e9soudre \u00e0 l\u2019amiable (le Client adressera une r\u00e9clamation \u00e9crite aupr\u00e8s du professionnel).<br>\u00c0 d\u00e9faut d\u2019accord amiable ou en l\u2019absence de r\u00e9ponse du professionnel dans un d\u00e9lai raisonnable d\u2019un mois, le Client consommateur au sens de l\u2019article L.133-4 du code de la consommation a la possibilit\u00e9 de saisir gratuitement, si un d\u00e9saccord subsiste, le m\u00e9diateur \u00e0 la consommation suivante : Mediavet, 126 chemin de l&rsquo;abreuvoir &#8211; 38410 Saint Martin d&rsquo;Uriage, contact : <a href=\"https:\/\/mediavet.net\/demande-de-mediation\/\">https:\/\/mediavet.net\/demande-de-mediation\/<\/a><\/p>\n\n\n\n<p><\/p>\n","protected":false},"excerpt":{"rendered":"<p>1. \u00c9diteur du site Le site equy-cany.com est \u00e9dit\u00e9 par :Nom de l\u2019entreprise \/ Nom du particulier : Equy-Cany &#8211; Tara LerouxSi\u00e8ge social : Pont Ar Zall 29400 Lampaul-Guimiliau &#8211; FranceNum\u00e9ro SIRET : 938099108 00012Directeur de la publication du site : Tara LerouxContact : equy.cany@gmail.com 2. H\u00e9bergement du site Le site equy-cany.com est h\u00e9berg\u00e9 par [&hellip;]<\/p>\n","protected":false},"author":1,"featured_media":0,"parent":0,"menu_order":0,"comment_status":"closed","ping_status":"open","template":"","meta":{"footnotes":""},"class_list":["post-3","page","type-page","status-publish","hentry"],"_links":{"self":[{"href":"https:\/\/www.equy-cany.com\/index.php\/wp-json\/wp\/v2\/pages\/3","targetHints":{"allow":["GET"]}}],"collection":[{"href":"https:\/\/www.equy-cany.com\/index.php\/wp-json\/wp\/v2\/pages"}],"about":[{"href":"https:\/\/www.equy-cany.com\/index.php\/wp-json\/wp\/v2\/types\/page"}],"author":[{"embeddable":true,"href":"https:\/\/www.equy-cany.com\/index.php\/wp-json\/wp\/v2\/users\/1"}],"replies":[{"embeddable":true,"href":"https:\/\/www.equy-cany.com\/index.php\/wp-json\/wp\/v2\/comments?post=3"}],"version-history":[{"count":7,"href":"https:\/\/www.equy-cany.com\/index.php\/wp-json\/wp\/v2\/pages\/3\/revisions"}],"predecessor-version":[{"id":116,"href":"https:\/\/www.equy-cany.com\/index.php\/wp-json\/wp\/v2\/pages\/3\/revisions\/116"}],"wp:attachment":[{"href":"https:\/\/www.equy-cany.com\/index.php\/wp-json\/wp\/v2\/media?parent=3"}],"curies":[{"name":"wp","href":"https:\/\/api.w.org\/{rel}","templated":true}]}}